{"id":1166,"date":"2024-05-08T04:02:08","date_gmt":"2024-05-08T02:02:08","guid":{"rendered":"https:\/\/nostrecasa.com\/?page_id=1166"},"modified":"2024-05-08T04:05:16","modified_gmt":"2024-05-08T02:05:16","slug":"aviso-legal","status":"publish","type":"page","link":"https:\/\/nostrecasa.com\/index.php\/aviso-legal\/","title":{"rendered":"Aviso Legal"},"content":{"rendered":"\t\t<div data-elementor-type=\"wp-page\" data-elementor-id=\"1166\" class=\"elementor elementor-1166\" data-elementor-post-type=\"page\">\n\t\t\t\t\t\t<section class=\"elementor-section elementor-top-section elementor-element elementor-element-278b47a0 elementor-section-height-min-height elementor-section-content-middle elementor-section-boxed elementor-section-height-default elementor-section-items-middle\" data-id=\"278b47a0\" data-element_type=\"section\" data-settings=\"{&quot;background_background&quot;:&quot;classic&quot;}\">\n\t\t\t\t\t\t\t<div class=\"elementor-background-overlay\"><\/div>\n\t\t\t\t\t\t\t<div class=\"elementor-container elementor-column-gap-default\">\n\t\t\t\t\t<div class=\"elementor-column elementor-col-100 elementor-top-column elementor-element elementor-element-0b4790d\" data-id=\"0b4790d\" data-element_type=\"column\">\n\t\t\t<div class=\"elementor-widget-wrap\">\n\t\t\t\t\t\t\t<\/div>\n\t\t<\/div>\n\t\t\t\t\t<\/div>\n\t\t<\/section>\n\t\t<div class=\"elementor-element elementor-element-58cdc72 e-flex e-con-boxed e-con e-parent\" data-id=\"58cdc72\" data-element_type=\"container\">\n\t\t\t\t\t<div class=\"e-con-inner\">\n\t\t\t\t<div class=\"elementor-element elementor-element-21ff563 elementor-widget elementor-widget-heading\" data-id=\"21ff563\" data-element_type=\"widget\" data-widget_type=\"heading.default\">\n\t\t\t\t<div class=\"elementor-widget-container\">\n\t\t\t<style>\/*! elementor - v3.23.0 - 05-08-2024 *\/\n.elementor-heading-title{padding:0;margin:0;line-height:1}.elementor-widget-heading .elementor-heading-title[class*=elementor-size-]>a{color:inherit;font-size:inherit;line-height:inherit}.elementor-widget-heading .elementor-heading-title.elementor-size-small{font-size:15px}.elementor-widget-heading .elementor-heading-title.elementor-size-medium{font-size:19px}.elementor-widget-heading .elementor-heading-title.elementor-size-large{font-size:29px}.elementor-widget-heading .elementor-heading-title.elementor-size-xl{font-size:39px}.elementor-widget-heading .elementor-heading-title.elementor-size-xxl{font-size:59px}<\/style><h2 class=\"elementor-heading-title elementor-size-default\">Aviso Legal<\/h2>\t\t<\/div>\n\t\t\t\t<\/div>\n\t\t\t\t<div class=\"elementor-element elementor-element-e4b3d74 elementor-widget elementor-widget-text-editor\" data-id=\"e4b3d74\" data-element_type=\"widget\" data-widget_type=\"text-editor.default\">\n\t\t\t\t<div class=\"elementor-widget-container\">\n\t\t\t<style>\/*! elementor - v3.23.0 - 05-08-2024 *\/\n.elementor-widget-text-editor.elementor-drop-cap-view-stacked .elementor-drop-cap{background-color:#69727d;color:#fff}.elementor-widget-text-editor.elementor-drop-cap-view-framed .elementor-drop-cap{color:#69727d;border:3px solid;background-color:transparent}.elementor-widget-text-editor:not(.elementor-drop-cap-view-default) .elementor-drop-cap{margin-top:8px}.elementor-widget-text-editor:not(.elementor-drop-cap-view-default) .elementor-drop-cap-letter{width:1em;height:1em}.elementor-widget-text-editor .elementor-drop-cap{float:left;text-align:center;line-height:1;font-size:50px}.elementor-widget-text-editor .elementor-drop-cap-letter{display:inline-block}<\/style>\t\t\t\t<p>El presente sitio web (www.nostrecasa.com) es propiedad de BERPLA GROUP S.L., con domicilio social en Calle La Reina 6 bajo 2.<\/p><p>El acceso a este sitio web se regula de conformidad con las presentes Condiciones Generales y Particulares de Uso, que podr\u00e1n ser modificadas o sustituidas por su titular en cualquier momento y sin previo aviso.<\/p><p><strong>1.- Condiciones Generales de Uso.<\/strong><\/p><p>Las siguientes Condiciones Generales regulan el uso y acceso al portal web www.habitatinmobiliaria.com, cuya finalidad es informar de manera p\u00fablica y gratuita de las promociones inmobiliarias presentes y futuras de BERPLA GROUP S.L., ofreciendo a los Usuarios informaci\u00f3n, servicios y contenidos v\u00eda web. BERPLA GROUP S.L. adoptar\u00e1 todas las medidas a su alcance para impedir cualquier tipo de conducta contraria a las Leyes Espa\u00f1olas y cooperar\u00e1 con las Autoridades competentes en la identificaci\u00f3n de los sujetos responsables de las acciones que puedan suponer violaciones de las leyes o condiciones aplicables al presente sitio web.<\/p><p><strong>2.- Condiciones Particulares para la contrataci\u00f3n de determinados servicios.<\/strong><\/p><p>La informaci\u00f3n sobre precios, superficie, calidades, y planos de las promociones de BERPLA GROUP S.L., facilitados en esta web, tienen un car\u00e1cter orientativo y aproximado, no suponiendo una oferta vinculante para BERPLA GROUP S.L., no responde de ninguna forma de la efectividad o exactitud de la citada informaci\u00f3n, quedando exenta de cualquier responsabilidad contractual o extracontractual con el Usuario que haga uso de ella. De conformidad con el Real Decreto 515\/1989, de 21 de abril, sobre protecci\u00f3n de los consumidores en cuanto a la informaci\u00f3n a suministrar en la compra-venta y arrendamiento de viviendas, la misma ser\u00e1 puesta a disposici\u00f3n de los Usuarios en las oficinas habilitadas al efecto por BERPLA GROUP S.L.<\/p><p><strong>3.- Propiedad Intelectual e Industrial.<\/strong><\/p><p>Los contenidos, documentaci\u00f3n, im\u00e1genes, gr\u00e1ficos, marcas, logos y dise\u00f1o que forman esta web son propiedad de BERPLA GROUP S.L., y se encuentran debidamente protegidos de conformidad con la normativa espa\u00f1ola e internacional sobre Propiedad Intelectual e Industrial. Salvo autorizaci\u00f3n previa, expresa y por escrito se proh\u00edbe cualquier transmisi\u00f3n, cesi\u00f3n, venta, alquiler, y o comunicaci\u00f3n p\u00fablica de esta web o de su contenido. Las personas o empresas que remitan cualquier tipo de informaci\u00f3n o contenido a BERPLA GROUP S.L., se comprometen a que la misma sea veraz y no vulnere o infrinja cualquier derecho de tercero ni sea contraria a la ley y el orden p\u00fablico. Si Vd. cree que cualquier contenido y\/o informaci\u00f3n de esta web vulnera un derecho leg\u00edtimo o la normativa vigente no dude en contactar con nosotros: BERPLA GROUP S.L. Calle La Reina 6 bajo 2. BERPLA GROUP S.L., se reserva el derecho de modificar el contenido e informaciones disponibles en el presente sitio web, en cualquier momento y sin previo aviso.<\/p><p><strong>4.- Enlaces.<\/strong><\/p><p>Las conexiones y enlaces a sitios o p\u00e1ginas web de terceros se han establecido \u00fanicamente como una utilidad para el Usuario. BERPLA GROUP S.L. no es, en ning\u00fan caso, responsable de las mismas o de su contenido. Para realizar enlaces con la p\u00e1gina www.nostrecasa.com ser\u00e1 necesaria la autorizaci\u00f3n expresa y por escrito de los titulares del portal.<\/p><p><strong>5.- Protecci\u00f3n de Datos.<\/strong><\/p><p>BERPLA GROUP S.L., puede recabar datos personales de los Usuarios de www.nostrecasa.com a trav\u00e9s de:<\/p><p>Formulario de contacto<\/p><p>Por v\u00eda telef\u00f3nica<\/p><p>Por v\u00eda Whatsapp<\/p><p>De conformidad con la normativa vigente, puede usted encontrar informaci\u00f3n detallada sobre el tratamiento de sus dato personales en la Pol\u00edtica de Privacidad del formulario de contacto.<\/p><p><strong>6.- Responsabilidad.<\/strong><\/p><p>BERPLA GROUP S.L. no se hace responsable de los da\u00f1os ocasionados en los sistemas inform\u00e1ticos de los Usuarios por causas ajenas a su voluntad, ni de aquellos que sean producidos por la existencia de virus inform\u00e1ticos en Internet.<\/p><p>BERPLA GROUP S.L. no ser\u00e1 responsable de los eventuales da\u00f1os y perjuicios que puedan ocasionarse por la falta de disponibilidad y\/o continuidad del presente sitio web y de los servicios que se ofrecen en \u00e9l.<\/p><p>El Usuario responder\u00e1, y estar\u00e1 obligado a indemnizar a BERPLA GROUP S.L., por cualquier da\u00f1o o perjuicio que pudiera derivarse de la utilizaci\u00f3n y\/o consulta del presente sitio web, infringiendo las condiciones generales o la normativa vigente.<\/p><p><strong>7.- Legislaci\u00f3n aplicable.<\/strong><\/p><p>Las presentes Condiciones se rigen e interpretan de acuerdo con las Leyes de Espa\u00f1a.<\/p>\t\t\t\t\t\t<\/div>\n\t\t\t\t<\/div>\n\t\t\t\t\t<\/div>\n\t\t\t\t<\/div>\n\t\t\t\t<\/div>\n\t\t","protected":false},"excerpt":{"rendered":"<p>Aviso Legal El presente sitio web (www.nostrecasa.com) es propiedad de BERPLA GROUP S.L., con domicilio social en Calle La Reina [&hellip;]<\/p>\n","protected":false},"author":1,"featured_media":0,"parent":0,"menu_order":0,"comment_status":"closed","ping_status":"closed","template":"","meta":{"site-sidebar-layout":"no-sidebar","site-content-layout":"","ast-site-content-layout":"full-width-container","site-content-style":"default","site-sidebar-style":"default","ast-global-header-display":"","ast-banner-title-visibility":"","ast-main-header-display":"","ast-hfb-above-header-display":"","ast-hfb-below-header-display":"","ast-hfb-mobile-header-display":"","site-post-title":"disabled","ast-breadcrumbs-content":"","ast-featured-img":"disabled","footer-sml-layout":"","theme-transparent-header-meta":"","adv-header-id-meta":"","stick-header-meta":"","header-above-stick-meta":"","header-main-stick-meta":"","header-below-stick-meta":"","astra-migrate-meta-layouts":"default","ast-page-background-enabled":"default","ast-page-background-meta":{"desktop":{"background-color":"var(--ast-global-color-4)","background-image":"","background-repeat":"repeat","background-position":"center center","background-size":"auto","background-attachment":"scroll","background-type":"","background-media":"","overlay-type":"","overlay-color":"","overlay-gradient":""},"tablet":{"background-color":"","background-image":"","background-repeat":"repeat","background-position":"center center","background-size":"auto","background-attachment":"scroll","background-type":"","background-media":"","overlay-type":"","overlay-color":"","overlay-gradient":""},"mobile":{"background-color":"","background-image":"","background-repeat":"repeat","background-position":"center center","background-size":"auto","background-attachment":"scroll","background-type":"","background-media":"","overlay-type":"","overlay-color":"","overlay-gradient":""}},"ast-content-background-meta":{"desktop":{"background-color":"var(--ast-global-color-5)","background-image":"","background-repeat":"repeat","background-position":"center center","background-size":"auto","background-attachment":"scroll","background-type":"","background-media":"","overlay-type":"","overlay-color":"","overlay-gradient":""},"tablet":{"background-color":"var(--ast-global-color-5)","background-image":"","background-repeat":"repeat","background-position":"center center","background-size":"auto","background-attachment":"scroll","background-type":"","background-media":"","overlay-type":"","overlay-color":"","overlay-gradient":""},"mobile":{"background-color":"var(--ast-global-color-5)","background-image":"","background-repeat":"repeat","background-position":"center center","background-size":"auto","background-attachment":"scroll","background-type":"","background-media":"","overlay-type":"","overlay-color":"","overlay-gradient":""}},"footnotes":""},"_links":{"self":[{"href":"https:\/\/nostrecasa.com\/index.php\/wp-json\/wp\/v2\/pages\/1166"}],"collection":[{"href":"https:\/\/nostrecasa.com\/index.php\/wp-json\/wp\/v2\/pages"}],"about":[{"href":"https:\/\/nostrecasa.com\/index.php\/wp-json\/wp\/v2\/types\/page"}],"author":[{"embeddable":true,"href":"https:\/\/nostrecasa.com\/index.php\/wp-json\/wp\/v2\/users\/1"}],"replies":[{"embeddable":true,"href":"https:\/\/nostrecasa.com\/index.php\/wp-json\/wp\/v2\/comments?post=1166"}],"version-history":[{"count":4,"href":"https:\/\/nostrecasa.com\/index.php\/wp-json\/wp\/v2\/pages\/1166\/revisions"}],"predecessor-version":[{"id":1170,"href":"https:\/\/nostrecasa.com\/index.php\/wp-json\/wp\/v2\/pages\/1166\/revisions\/1170"}],"wp:attachment":[{"href":"https:\/\/nostrecasa.com\/index.php\/wp-json\/wp\/v2\/media?parent=1166"}],"curies":[{"name":"wp","href":"https:\/\/api.w.org\/{rel}","templated":true}]}}